when 109 is divided by z.
33
Let d = 7 + -4. Let c = 0 + d. What is the remainder when 5 is divided by c?
2
Let p be (-3)/(1/4*-3). Suppose -p*l = 2*t - 42, 3*t + 5*l - 45 = 14. Calculate the remainder when t is divided by 2 - 5 - (-5 - (4 - -1)).
6
Suppose -90 = -6*q + q. Suppose -n = -0*n + q. What is the remainder when -1 + n*5/(-2) is divided by 15?
14
Let v(c) be the third derivative of c**4/24 + 7*c**3/3 - 6*c**2. Calculate the remainder when 38 is divided by v(0).
10
Let c(w) = 3*w**2 - 3*w. What is the remainder when c(2) is divided by -1 - (1 + 1) - -6?
0
Suppose -696 = -36*j + 30*j. What is the remainder when j is divided by 17?
14
Let p(b) = -2*b**3 - b**2 + 6*b. What is the remainder when 44 is divided by p(-3)?
17
Let d(x) = 33*x. Suppose 0 = -4*y + y + 2*u + 8, 3*y + 2*u = 16. Let l be d(y). Suppose n = -n + l. What is the remainder when n is divided by 17?
15
Suppose 0 = 4*r - 138 + 38. What is the remainder when 44 is divided by (-24)/(-20)*r/2?
14
Suppose 0*y = 4*y. Suppose y*g = -3*g - 2*z + 2, -z - 4 = 4*g. What is the remainder when 1 - (g + -48 + 1) is divided by 17?
16
Let q(l) = -l**3 + 5*l**2 + 5*l + 2. Let g be q(5). Suppose a - g = w, 2*w = -0*w + 10. What is the remainder when a is divided by 11?
10
Suppose 12*h = 11*h + 2. Suppose 2*o = 4*q - 32, 2*o = -3*q + 5*o + 27. Calculate the remainder when q is divided by h.
1
Suppose 0 = w - 2*w + 17. Suppose -36 = 4*l - 0*l. Let k = l + w. What is the remainder when k is divided by 3?
2
Suppose c + 3*j + 5 = 0, 4*c = 4*j - 2*j + 22. Suppose -3*b - 3 = -c*b. Calculate the remainder when 9 is divided by b.
0
Suppose 4*b - 36 = 72. Let k = b - 25. What is the remainder when k is divided by 1?
0
Suppose -5*q + j = -102, 4*q - 2*j = -5*j + 93. Calculate the remainder when 39 is divided by q.
18
Let o(d) = d**2 + 7*d + 9. Let l be o(-7). Suppose 1 + l = 5*k. What is the remainder when 2 is divided by k?
0
Suppose 0 = -4*q - 1348 + 388. What is the remainder when 88 is divided by (1/(-2))/(4/q)?
28
Let u = -25 + 42. What is the remainder when u is divided by 6?
5
Let r = 6 - -59. Calculate the remainder when r is divided by 6.
5
Let m = -8 - -10. Suppose -6 = -3*i + 2*s, -5*s - 6 = 4*i + 9. Suppose i = -y - 5, 0*k - 2*y = -m*k + 42. What is the remainder when k is divided by 9?
7
Let z be 4/6*(-90)/(-3). Let k be (4*-3)/((-8)/z). Suppose 3*o = o + k. What is the remainder when 57 is divided by o?
12
Let d(b) = 4*b**3 + b**2 - b - 1. Let h be d(-1). What is the remainder when 54 is divided by 29/2 - h/(-6)?
12
Let w(f) = f**3 + f + 20. Let x be w(0). Let z = x - 13. Suppose 0*d + 16 = 2*d - 4*q, -4*d + q + 18 = 0. What is the remainder when z is divided by d?
3
Let t(v) = -v**2 - 3*v - 3. Let g be t(-2). What is the remainder when 11 is divided by g/6 - (-74)/12?
5
Let f(z) = -z**3 + 9*z**2 + 7*z - 10. Calculate the remainder when f(9) is divided by 18.
17
Suppose -5*y + 2*k + 101 = 0, 0*y + 3*k - 29 = -2*y. Calculate the remainder when 56 is divided by y.
18
Suppose 0 = 4*d + 4*c - 96, -4*d + 66 = -2*d - 4*c. Suppose -d = -2*n + 23. Let a = n + -13. Calculate the remainder when 35 is divided by a.
11
Suppose o - 8 = -3*o. Suppose 40 = 4*v + f, -4*f + 1 = o*v - 5. Suppose -b - 4*b = 3*c - 43, -4*b = -4*c + 100. What is the remainder when c is divided by v?
10
What is the remainder when 2*2/(-16) - (-7125)/100 is divided by 36?
35
Calculate the remainder when ((-1 + -3)/4 - -3) + 72 is divided by 13.
9
What is the remainder when 4 + -45*2/(-3) is divided by 9?
7
Suppose 4*d - 13 = -5*m, -5*d + 2*m = -3*m - 5. Suppose -2*z + d = -2. What is the remainder when z is divided by 1?
0
Calculate the remainder when 340/90 + 2/9 is divided by 2.
0
Let a = -28 + 42. What is the remainder when (2 + -1)*40 + 1 is divided by a?
13
Suppose -4*d - 8 = 8. Calculate the remainder when 4 is divided by (-14)/(-4) + 2/d.
1
Suppose 3*w - 143 = -5*a, w = 3*a + 27 + 2. Suppose 3*r + r - 44 = 0. What is the remainder when w is divided by r?
8
Let v(b) = -b**2 - 3*b - 1. Calculate the remainder when 1 is divided by v(-1).
0
Suppose 0 = 5*v + x - 4*x - 37, x - 1 = 0. Suppose 0 = -a - 2*a + 93. What is the remainder when a is divided by v?
7
Suppose -k + 6 - 2 = 0. Suppose -1 = a + 4*a - k*o, 0 = a + o - 7. What is the remainder when 8 is divided by a?
2
Let r = 86 - 58. What is the remainder when 110 is divided by r?
26
Let z = 67 - 45. What is the remainder when z is divided by 14 + 2/(-2)*2?
10
Let b = -8 - -12. Let i(j) = -j**3 + j**2 + 2*j + 1. Let s be i(-2). Suppose 0 = b*n + s - 37. What is the remainder when 20 is divided by n?
6
Let o = 11 + 13. Let x = -5 - -7. Suppose t + 13 = x*t. What is the remainder when o is divided by t?
11
Let n = 88 - -5. Let d = -36 + n. Calculate the remainder when d is divided by 15.
12
Let x = -1 + 3. Suppose 2*q = x - 0. What is the remainder when 1 is divided by q?
0
What is the remainder when 69/9 + 2/(-3) is divided by (12/10)/((-6)/(-15))?
1
Let f(l) = l + 10. Suppose 3*m + 20 = 4*x, -3*x - m - 3*m = 10. Suppose 0 = x*q - 0 - 8. What is the remainder when f(-5) is divided by q?
1
Suppose -5*i = 15, s = 4*i + 38 + 13. Let c(a) = a**3 - 3*a**2 - 5. Let u be c(4). Let n = -1 + u. What is the remainder when s is divided by n?
9
Let r = 27 - 22. What is the remainder when 19 is divided by r?
4
Suppose -2*r + r = -28. Suppose 5*a - a - 96 = 0. Let u = a - 14. Calculate the remainder when r is divided by u.
8
Let n = 43 + -26. What is the remainder when n is divided by 10?
7
Let v = 2 + 16. Calculate the remainder when 4*(-2)/(-8) + 34 is divided by v.
17
Let w = -11 - -46. Let f = w - 25. What is the remainder when 39 is divided by f?
9
Let v = 71 + -28. What is the remainder when 168 is divided by v?
39
Let n(l) = l**2 - 4*l - 1. Let f = 173 + -166. What is the remainder when n(-3) is divided by f?
6
Let g(d) = d**3 + 8*d**2 + 3*d - 7. Let x = -35 + 51. Calculate the remainder when g(-6) is divided by x.
15
Let z = 55 + -32. What is the remainder when z is divided by 9?
5
Suppose 0 = 5*h - 3*j - 58, 7*j - 40 = -4*h + 3*j. What is the remainder when ((-215)/(-10))/(1/2) is divided by h?
10
Let n(q) = -q**2 + 3*q + 3. What is the remainder when 6 is divided by n(3)?
0
Suppose -3*w - 945 = -4*n, n + 3*n - 950 = 2*w. Suppose m = -4*m - n. Calculate the remainder when 23 is divided by 18/8*m/(-9).
11
Suppose 34 = -4*t - 2. Let m be (-3)/(t/6 + 0). What is the remainder when 4 is divided by m/(-6)*(-1 + -5)?
0
What is the remainder when 323 is divided by (-2 + (-6)/(-30))*-20?
35
Let k(a) = a**3 + 6*a**2 + 2. Let h = -6 - -3. Calculate the remainder when k(h) is divided by 1 - 87/(-6) - (-2)/(-4).
14
Suppose 4*s - 2*c - 12 = 0, -3*s - 2*c - 3 = -4*s. Suppose -3*q + 81 = s. Suppose 56 = 4*u + 20. What is the remainder when q is divided by u?
8
Suppose 2*m + 4 = 2*f, -2*f = -m - 0 - 4. Let b(s) = 1 - 2 + 6*s + 10*s + f. What is the remainder when 32 is divided by b(1)?
15
Let y be 1 + 1 + -6 + 4. Suppose y = -q - 0 + 2. Calculate the remainder when 25 is divided by q/(-9) + (-83)/(-9).
7
Let t(i) = 2*i**2 - 5*i + 7. Calculate the remainder when t(6) is divided by (-4)/(-18) - (-1160)/45.
23
Suppose -4*b = -4*g - 152, -b = b - g - 75. Suppose -3*a - 65 = -8*a. Calculate the remainder when b is divided by a.
11
Let v(p) = -p - 5. Let y be v(-4). What is the remainder when 50 is divided by y/(1 + 54/(-51))?
16
Let k(m) = m**3 - 8*m**2 + 9*m + 4. Let j be k(7). Let i be ((-3)/4)/((-1)/(-4)). Let y = j + i. Calculate the remainder when y is divided by 8.
7
Suppose -2*r = v + 2, -8*r - 31 = -4*v - 3*r. Let d(p) = 11*p**2 - p. Let t be d(-1). Suppose v = 2*h - t. What is the remainder when h is divided by 5?
3
Suppose -442 = 6*k - 466. Let j = -2 - 1. Let i = 0 - j. What is the remainder when k is divided by i?
1
Let h(m) = m**2 + 2*m + 3. What is the remainder when 227 is divided by h(-7)?
37
Let x be 46 + (2 - 1)*1. Let j = 67 - x. What is the remainder when j is divided by -2 + 14 + 5/(-5)?
9
Calculate the remainder when (4 + -6 - -1) + 5 is divided by 3.
1
Let z(o) = o**2 + 2*o - 4. Let b be z(-5). Let t(g) = -g**2 - 3*g + 1. Let j be t(-4). Let f = b - j. What is the remainder when 26 is divided by f?
12
Suppose 4*a = 326 + 478. What is the remainder when a is divided by 4